. Suppose 5*h - 1499 = z. Let s = h + -212. What is the tens digit of s?
1
Let l(v) = -20*v - 80. Let d be l(-4). Suppose 0*y = 4*r + 5*y - 279, -4*r - 2*y + 270 = d. What is the tens digit of r?
6
Let z(p) = -p**3 + 5*p**2 - 5*p - 2. Let c be z(3). Suppose 4*s + 4*f - 956 = 0, 0 = -4*f + c - 13. What is the tens digit of s?
4
Suppose g - 25*s = -24*s + 21264, 0 = 4*g + 5*s - 85119. What is the units digit of g?
1
Let z = -7996 - -20390. What is the tens digit of z?
9
Let o(d) be the first derivative of -19*d**2/2 + 9*d - 67. What is the units digit of o(-3)?
6
Suppose 0 = 7*k - k - 13770. Suppose 12*o + k = 17*o. What is the hundreds digit of o?
4
Let n = 16 - 5. Let k(b) = 3 - 7*b + 10 + b**2 + n. What is the tens digit of k(5)?
1
Let s(b) = -2*b - 8. Let p(k) = -1. Let q(u) = -5*p(u) - s(u). Let d be q(-4). Suppose -d + 9 = 4*c. What is the units digit of c?
1
Let h = 95 - 99. Let y(d) = 28*d**2 - 10*d + 1. What is the tens digit of y(h)?
8
Let u = 426 - 770. Let o(c) = 28*c**2 - 13*c - 6. Let q be o(-4). Let j = q + u. What is the units digit of j?
0
Let w be (1/(-2))/(4/(-744)). Let g = -79 + w. What is the units digit of g?
4
Suppose -5*g - 2*g = 133. Let t = g + 19. Suppose -3*l + 219 + 42 = t. What is the tens digit of l?
8
Let d(l) = l - 2. Let w be d(-14). Let f be 1/(-3) + 686/(-21). Let j = w - f. What is the units digit of j?
7
Let v(b) = -1199*b**3 + 7*b**2 + 38*b + 78. What is the tens digit of v(-3)?
0
What is the hundreds digit of 309510/12*-1*(-6)/(-18)*-2?
1
Suppose -11*g + 9690 = -g. Suppose 4*u - g = -341. Suppose -3*b + 190 = -2*y, 0 = 4*b + y - u - 89. What is the units digit of b?
2
Suppose 16*z - 12093 = 13*z - 3*n, 0 = 3*z + 5*n - 12103. What is the tens digit of z?
2
Suppose 3*d - 12 = -2*a, -a = -3*a - 2*d + 12. Suppose 4*q = y - 9, 3*y - a*q = -2*q + 11. Let f = 33 + y. What is the units digit of f?
4
Let v(q) = 6*q - 5. Let g be v(1). Let z be g/(-6) + (-3)/(-18). Suppose 14*h + 516 - 1454 = z. What is the tens digit of h?
6
Let a be (793 - 2) + 0/(-7 + 5). Let b = 1430 - a. What is the hundreds digit of b?
6
Suppose 1363 = 5*q - 192. Suppose -3*i + 5*i = -3*u - q, -5*u = -2*i + 513. Let t = u + 159. What is the tens digit of t?
5
Let k(i) = 2*i + 28. Let v be k(-13). Let d(m) = 13*m**2 - v*m**2 - 2*m**2 - 2*m - 2*m + m**3. What is the tens digit of d(-8)?
9
Let n(h) = -h**2 + 17*h - 13. Let s be n(16). Suppose 2*w = -3*w + s*y + 524, -y = 2*w - 203. What is the units digit of w?
3
Suppose 0 = -3*l - 3*j + 88 - 10, 0 = 5*l + j - 130. Let h(k) = k**3 - k**2 + 29 - 10*k**2 + 4*k - 15*k**2. What is the tens digit of h(l)?
3
Suppose -3*b - 25 = 419. Let p = -144 - b. Let l = 79 - p. What is the tens digit of l?
7
Let o(q) = -58 - 115 - 14*q - 33*q - 18*q. What is the tens digit of o(-11)?
4
Let k = 4130 + 5463. What is the units digit of k?
3
Let u(w) = 11*w**2 - 5*w - 69. What is the tens digit of u(17)?
2
Suppose 86*h + 493584 = 142*h. What is the thousands digit of h?
8
Suppose 4*k + a = 11, 9 = -4*k - 5*a - 0*a. Suppose k*v + 35 = 47. Suppose v*t - 3 = 0, 2*t - 417 = 5*n - 1235. What is the units digit of n?
4
Let o(w) be the third derivative of -w**6/120 + w**5/12 - w**4/6 - w**3/6 + 3*w**2. Let c be o(4). What is the units digit of 5/(0 - c) - (-4 - -2)?
7
Let p(i) = -886*i**3 - i**2 + 12*i + 20. What is the hundreds digit of p(-2)?
0
Let r be (-252)/(-24) - 9/(-6). Suppose -x - 41 = -2*t, -x + 3*x = 3*t - 63. Suppose t*b - r*b = 399. What is the units digit of b?
7
Suppose -3*u + 23 = -4*q, -4*u + 2 = -2*u + 4*q. What is the thousands digit of (-63)/u*2450/(-21)?
1
Suppose 8*p = 4*p - 276. Let f = -65 - p. Suppose 673 = f*l - 3*d, 850 = 5*l + 7*d - 2*d. What is the hundreds digit of l?
1
Let x(p) = -21*p + 127. Let b(t) = -52*t + 317. Let s(z) = -5*b(z) + 12*x(z). Suppose 5*f - 26 = -y + 15, -4*y + 69 = f. What is the units digit of s(y)?
7
Suppose 80*m - 94319 = 76641. What is the hundreds digit of m?
1
Let c be (-22)/(-6) + 1/3. Suppose u - 1 = c. Suppose -u*g = -15*g + 490. What is the units digit of g?
9
Let u = -197 - -205. Let h(x) = 46*x + 103. What is the hundreds digit of h(u)?
4
Suppose 0 = -0*s - 3*s + 9. Let h be 5*5/25 + 5. Suppose -3*n + 2*o = -h*n + 105, s*n - 126 = 5*o. What is the tens digit of n?
3
Let i(y) = -194*y**3 - y - 5. Let v(g) = -386*g**3 + g**2 - 4*g - 9. Let w(f) = -5*i(f) + 2*v(f). What is the hundreds digit of w(2)?
5
Suppose -455*d = -3389465 - 2912285. What is the units digit of d?
0
Let i(x) = x**3 - 11*x**2 + 10*x + 1. Let c be i(10). Let f be 1 + 98 + c/(-1). Let r = f + -42. What is the tens digit of r?
5
Suppose 4*p = 5*p - 3. Suppose -g = 3*c - 4, -p*c = -3*g + 2*g + 4. Suppose -2*o + 3*o = -g*u + 490, -u = 3*o - 117. What is the tens digit of u?
2
Let p(j) = j**3 - 47*j**2 - 920*j + 17. What is the units digit of p(66)?
1
Let f be (9 + -2)*11/(-22)*-164. Suppose -45*n = -38*n - f. What is the units digit of n?
2
Let n = -15 + 18. What is the tens digit of (-375 - -2)/((-1)/(n - 2))?
7
Let r(u) = 3*u**3 + 83*u**2 - 133*u + 46. Let x(z) = z**3 + 28*z**2 - 45*z + 15. Let a(b) = 4*r(b) - 11*x(b). What is the tens digit of a(-25)?
1
Suppose -6*s = s - 49. Suppose 6*w - s*w = -6. Suppose -111 = 5*t - w*t. What is the tens digit of t?
1
Suppose 2*a = 5*a - f + 14, 0 = 3*a - 2*f + 13. Let c(n) = -n**3 + 8*n**2 + 5*n - 12. Let o be c(a). What is the tens digit of (o/(-14))/((-1)/42*4)?
1
Let y(o) = -30*o**3 + 13*o - 1. Let h be y(3). Let c(j) = j. Let x be c(3). What is the tens digit of 1/(2312/h + x)?
9
Let x(d) = -d**3 - 2*d**2 + 35*d - 2. Let h be x(7). Let z = h + 1224. What is the units digit of z?
6
Suppose 0*k - 5*k = -10, -3*z = 3*k - 20706. Suppose -h - 24*h = -z. What is the tens digit of h?
7
Suppose -72*j = -40*j - 128. Suppose 486 + 1098 = j*q. What is the tens digit of q?
9
Suppose 22 = c + 133. Let n = 320 + c. What is the tens digit of n?
0
Let j = 3664 - 2534. Let t = j - 744. What is the tens digit of t?
8
Let l(y) = -6*y + 15. Let n be l(3). What is the hundreds digit of ((3/(-2))/n)/(8/7136)?
4
Let h(q) = q**3 - 6*q**2 - 6*q - 10. Let s be h(6). Let f be 1 + 2*1 + (s - -17). What is the tens digit of ((-2)/3)/((f/264)/13)?
8
Let v be (-4)/(-3) + (-12)/(-18). Suppose 0 = 3*p - v*p. Suppose p*c + 5*z + 73 = 2*c, 2*c - z = 61. What is the tens digit of c?
2
Suppose 5 = 62*j - 57*j, -4*a - 5*j + 64761 = 0. What is the hundreds digit of a?
1
Let o = -3 + -46. Let s = -47 - o. What is the tens digit of 127*(1 + (-3)/s)*-2?
2
Let v(f) = f**2 + 1. Let g(z) = 14*z**3 - 8*z**2 + 7*z - 3. Let w(c) = g(c) - 3*v(c). What is the units digit of w(4)?
2
Suppose -5*a + 3*d = -56, 3*d = -4*a + a + 24. Let q(l) be the second derivative of l**3/2 - 6*l**2 + 2*l. What is the units digit of q(a)?
8
Let y be (-122 - 10)/(0 - (-1)/8). What is the tens digit of (80/6)/((-64)/y)?
2
Suppose -3381*s + 3377*s + 4704 = 0. What is the thousands digit of s?
1
Let y(b) = -37 - 3*b + 53*b**2 - 51*b**2 + 4*b. What is the units digit of y(-21)?
4
Let i(n) = -20*n - 47 + 95 - 45 - 24. What is the units digit of i(-24)?
9
Suppose 0 = 12*h - 1961 + 9101. Let y be (-3)/(-6) - (0 - h/(-2)). Suppose 4*t - 786 = -y. What is the units digit of t?
2
Let z = 2165 - 2168. Let v(q) be the second derivative of -8*q**3/3 + q**2 + q. What is the units digit of v(z)?
0
Let b be 5/(-2)*1/5*-4. Let m(p) = -p**2 + 97*p + 110*p**b - 1 - 97*p. What is the units digit of m(1)?
8
Let y(t) = 7*t**2 + 14*t**2 + 6*t**2 + 4 - 36*t - 14*t**2 + 4. What is the hundreds digit of y(13)?
7
Let s = -1213 - -10901. What is the hundreds digit of s?
6
Let g(z) = 2*z**2 - 17*z + 8. Let i be g(5). Let o = -135 + i. Let k = -62 - o. What is the tens digit of k?
0
Let q be 3/(((-1)/5)/(32298/(-30))). Suppose -q = -28*m - 1589. What is the hundreds digit of m?
5
Let c(p) = 3 - 17*p + 11*p + 47*p**2 - 12*p**2 + 20*p**2. What is the units digit of c(-4)?
7
Suppose -w + 2*w - 7 = 0. Suppose -4*p = -w*p + 12. Suppose 241 = p*r - 359. What is the units digit of r?
0
Let p be 1*((-6556)/(-33) + 2/6). Let j = p - 155. What is the units digit of j?
4
Let i be (4/8)/(3/6). Let r be (-21)/42*(-194)/i. Let j = r + -49. What is the tens digit of j?
4
Let z = 227 + -223. Suppose 3*x = z*b + 3162, 4*x - 1054 = 3*x - 4*b. What is the tens digit 